{"id":234,"date":"2022-02-01T23:38:10","date_gmt":"2022-02-01T22:38:10","guid":{"rendered":"https:\/\/www.peledesperes.org\/?page_id=234"},"modified":"2025-06-04T22:01:22","modified_gmt":"2025-06-04T20:01:22","slug":"inscription","status":"publish","type":"page","link":"https:\/\/www.peledesperes.org\/index.php\/inscription\/","title":{"rendered":"Inscription au p\u00e8lerinage"},"content":{"rendered":"\t\t<div data-elementor-type=\"wp-page\" data-elementor-id=\"234\" class=\"elementor elementor-234\">\n\t\t\t\t\t\t<div class=\"elementor-inner\">\n\t\t\t\t<div class=\"elementor-section-wrap\">\n\t\t\t\t\t\t\t\t\t<section class=\"elementor-section elementor-top-section elementor-element elementor-element-f7490d8 elementor-section-boxed elementor-section-height-default elementor-section-height-default\" data-id=\"f7490d8\" data-element_type=\"section\">\n\t\t\t\t\t\t<div class=\"elementor-container elementor-column-gap-default\">\n\t\t\t\t\t\t\t<div class=\"elementor-row\">\n\t\t\t\t\t<div class=\"elementor-column elementor-col-100 elementor-top-column elementor-element elementor-element-26a34cf\" data-id=\"26a34cf\" data-element_type=\"column\">\n\t\t\t<div class=\"elementor-column-wrap elementor-element-populated\">\n\t\t\t\t\t\t\t<div class=\"elementor-widget-wrap\">\n\t\t\t\t\t\t<div class=\"elementor-element elementor-element-464c498 elementor-widget elementor-widget-text-editor\" data-id=\"464c498\" data-element_type=\"widget\" data-widget_type=\"text-editor.default\">\n\t\t\t\t<div class=\"elementor-widget-container\">\n\t\t\t\t\t\t\t\t<div class=\"elementor-text-editor elementor-clearfix\">\n\t\t\t\t<p style=\"margin-bottom: 1.5em;\">L\u2019inscription permet de couvrir les co\u00fbts des repas et boissons fournis (samedi soir et dimanche), l\u2019impression du carnet du p\u00e8lerin, ainsi que les frais li\u00e9s \u00e0 la logistique.<\/p>\t\t\t\t\t<\/div>\n\t\t\t\t\t\t<\/div>\n\t\t\t\t<\/div>\n\t\t\t\t\t\t<\/div>\n\t\t\t\t\t<\/div>\n\t\t<\/div>\n\t\t\t\t\t\t\t\t<\/div>\n\t\t\t\t\t<\/div>\n\t\t<\/section>\n\t\t\t\t<section class=\"elementor-section elementor-top-section elementor-element elementor-element-73eacbb elementor-section-boxed elementor-section-height-default elementor-section-height-default\" data-id=\"73eacbb\" data-element_type=\"section\">\n\t\t\t\t\t\t<div class=\"elementor-container elementor-column-gap-default\">\n\t\t\t\t\t\t\t<div class=\"elementor-row\">\n\t\t\t\t\t<div class=\"elementor-column elementor-col-100 elementor-top-column elementor-element elementor-element-1cf8305\" data-id=\"1cf8305\" data-element_type=\"column\">\n\t\t\t<div class=\"elementor-column-wrap elementor-element-populated\">\n\t\t\t\t\t\t\t<div class=\"elementor-widget-wrap\">\n\t\t\t\t\t\t<div class=\"elementor-element elementor-element-852edf3 elementor-hidden-desktop elementor-hidden-tablet elementor-hidden-mobile elementor-widget elementor-widget-text-editor\" data-id=\"852edf3\" data-element_type=\"widget\" data-widget_type=\"text-editor.default\">\n\t\t\t\t<div class=\"elementor-widget-container\">\n\t\t\t\t\t\t\t\t<div class=\"elementor-text-editor elementor-clearfix\">\n\t\t\t\t<p><strong><em>Pendant la dur\u00e9e du Car\u00eame, l\u2019inscription est au tarif exceptionnel de 30 \u20ac par p\u00e8lerin, n&rsquo;attendez pas !<\/em><\/strong><\/p>\t\t\t\t\t<\/div>\n\t\t\t\t\t\t<\/div>\n\t\t\t\t<\/div>\n\t\t\t\t\t\t<\/div>\n\t\t\t\t\t<\/div>\n\t\t<\/div>\n\t\t\t\t\t\t\t\t<\/div>\n\t\t\t\t\t<\/div>\n\t\t<\/section>\n\t\t\t\t<section class=\"elementor-section elementor-top-section elementor-element elementor-element-16f3dbd elementor-section-boxed elementor-section-height-default elementor-section-height-default\" data-id=\"16f3dbd\" data-element_type=\"section\">\n\t\t\t\t\t\t<div class=\"elementor-container elementor-column-gap-default\">\n\t\t\t\t\t\t\t<div class=\"elementor-row\">\n\t\t\t\t\t<div class=\"elementor-column elementor-col-100 elementor-top-column elementor-element elementor-element-33ab02a\" data-id=\"33ab02a\" data-element_type=\"column\">\n\t\t\t<div class=\"elementor-column-wrap elementor-element-populated\">\n\t\t\t\t\t\t\t<div class=\"elementor-widget-wrap\">\n\t\t\t\t\t\t<div class=\"elementor-element elementor-element-a9b0da1 elementor-widget elementor-widget-shortcode\" data-id=\"a9b0da1\" data-element_type=\"widget\" data-widget_type=\"shortcode.default\">\n\t\t\t\t<div class=\"elementor-widget-container\">\n\t\t\t\t\t<div class=\"elementor-shortcode\"> \n\n<a title=\"Logiciel billetterie en ligne\"\n\n   href=\"https:\/\/weezevent.com\/?c=sys_widget\"\n\n   class=\"weezevent-widget-integration\"\n\n   data-src=\"https:\/\/widget.weezevent.com\/ticket\/E1302380\/?code=55303&locale=fr-FR&width_auto=1&color_primary=00AEEF\"\n\n   data-width=\"650\"\n\n   data-height=\"600\"\n\n   data-id=\"1302380\"\n\n   data-resize=\"1\"\n\n   data-width_auto=\"1\"\n\n   data-noscroll=\"0\"\n\n   data-use-container=\"yes\"\n\n   data-type=\"neo\"\n\n   target=\"_blank\">Billetterie Weezevent<\/a>\n\n<script type=\"text\/javascript\" src=\"https:\/\/widget.weezevent.com\/weez.js\"><\/script><\/div>\n\t\t\t\t<\/div>\n\t\t\t\t<\/div>\n\t\t\t\t\t\t<\/div>\n\t\t\t\t\t<\/div>\n\t\t<\/div>\n\t\t\t\t\t\t\t\t<\/div>\n\t\t\t\t\t<\/div>\n\t\t<\/section>\n\t\t\t\t\t\t\t\t\t<\/div>\n\t\t\t<\/div>\n\t\t\t\t\t<\/div>\n\t\t","protected":false},"excerpt":{"rendered":"<p>L\u2019inscription permet de couvrir les co\u00fbts des repas et boissons fournis (samedi soir et dimanche), l\u2019impression du carnet du p\u00e8lerin, ainsi que [&hellip;]<\/p>\n","protected":false},"author":3,"featured_media":0,"parent":0,"menu_order":0,"comment_status":"closed","ping_status":"closed","template":"","meta":[],"_links":{"self":[{"href":"https:\/\/www.peledesperes.org\/index.php\/wp-json\/wp\/v2\/pages\/234"}],"collection":[{"href":"https:\/\/www.peledesperes.org\/index.php\/wp-json\/wp\/v2\/pages"}],"about":[{"href":"https:\/\/www.peledesperes.org\/index.php\/wp-json\/wp\/v2\/types\/page"}],"author":[{"embeddable":true,"href":"https:\/\/www.peledesperes.org\/index.php\/wp-json\/wp\/v2\/users\/3"}],"replies":[{"embeddable":true,"href":"https:\/\/www.peledesperes.org\/index.php\/wp-json\/wp\/v2\/comments?post=234"}],"version-history":[{"count":30,"href":"https:\/\/www.peledesperes.org\/index.php\/wp-json\/wp\/v2\/pages\/234\/revisions"}],"predecessor-version":[{"id":1088,"href":"https:\/\/www.peledesperes.org\/index.php\/wp-json\/wp\/v2\/pages\/234\/revisions\/1088"}],"wp:attachment":[{"href":"https:\/\/www.peledesperes.org\/index.php\/wp-json\/wp\/v2\/media?parent=234"}],"curies":[{"name":"wp","href":"https:\/\/api.w.org\/{rel}","templated":true}]}}